k(0)?
65
Let m(x) = -2243*x + 80753. Calculate m(36).
5
Let c(j) = -1551*j - 438531. Calculate c(-283).
402
Let u(j) = -2071*j - 27110. What is u(-13)?
-187
Let q(m) = -m**3 + 27*m**2 + 127*m - 232. What is q(32)?
-1288
Let x(j) = -j**3 + 137*j**2 + 1524*j + 191. Calculate x(-10).
-349
Let k(z) = 205*z**2 + 17*z - 143. Determine k(4).
3205
Let w(m) = -5*m**3 - 733*m**2 + 17032*m - 346. What is w(-167)?
-12
Let m(f) = f**3 - 6*f**2 - 142*f + 1033. Give m(9).
-2
Let h(m) = 6*m**3 + 5*m**2 - m + 12. What is h(3)?
216
Let u(k) = -3*k**3 + 56*k**2 + 19*k + 138. Determine u(19).
138
Let w(c) = 2*c**3 - 6*c**2 - 80171*c + 240507. Calculate w(3).
-6
Let b(c) = 12*c + 651. What is b(-64)?
-117
Let a(m) = 96*m**2 - 1182*m - 7651. Calculate a(17).
-1
Let i(r) = 11*r**2 - 18502*r - 991853. Calculate i(1734).
-5
Let m(q) = q**3 + 80*q**2 + 1448*q + 7329. Determine m(-13).
-172
Let n(m) = -3*m**3 + 10*m**2 + 114*m + 8. Give n(-8).
1272
Let f(z) = -12670*z + 63413. Calculate f(5).
63
Let c(d) = -152*d**2 + 13*d + 150. Determine c(-5).
-3715
Let f(a) = -18292*a - 143880. Give f(-8).
2456
Let x(f) = -159*f - 2583. What is x(-10)?
-993
Let h(l) = -l**3 + 169*l**2 + 694*l - 51. Give h(173).
295
Let x(b) = -3*b**3 - 175*b**2 - 703*b + 130. Determine x(-54).
184
Let o(v) = -2*v**3 - 393*v**2 + 205*v + 1516. Determine o(-197).
-60
Let h(i) = i**2 - 104*i + 1035. Determine h(16).
-373
Let z(y) = -3*y**3 - 63*y**2 - 229*y - 3367. What is z(-20)?
13
Let n(o) = -o**2 + 736*o - 41242. Give n(61).
-67
Let r(f) = -f**3 + 58*f**2 + 14366*f + 25863. Calculate r(153).
6
Let p(w) = 3*w**2 + 601*w + 2976. What is p(-5)?
46
Let q(k) = 20*k**2 + 35776*k - 42959. Give q(-1790).
1
Let o(h) = -4*h**3 - 20*h**2 + 292*h - 170. Calculate o(6).
-2
Let a(k) = -1671*k**2 + 106986*k - 2687. Give a(64).
1
Let s(c) = -4606*c + 215212. Calculate s(47).
-1270
Let v(w) = -217034*w + 5. Calculate v(0).
5
Let u(v) = -3917*v + 35502. What is u(9)?
249
Let l(g) = -49*g**2 + 15104*g - 3569. Calculate l(308).
127
Let m(l) = l**2 + 134*l + 1048. Determine m(-8).
40
Let k(i) = 5*i**3 - 68*i**2 - 557*i + 7831. Give k(12).
-5
Let o(d) = 2*d**3 - 10*d**2 + 65277*d - 326398. Give o(5).
-13
Let j(s) = 5*s**2 - 2052*s - 213578. Give j(-86).
-126
Let u(p) = 3*p**3 + 26*p**2 + 76*p - 313. Calculate u(-13).
-3498
Let q(o) = -361*o**2 + 4722*o + 24. What is q(13)?
401
Let d(j) = -117*j**2 + 784*j - 371. Calculate d(9).
-2792
Let g(i) = -70451*i + 282734. What is g(4)?
930
Let t(k) = -3276*k - 16388. Calculate t(-5).
-8
Let l(p) = -702*p - 5237. Calculate l(-7).
-323
Let p(u) = -1202*u - 37694. Determine p(-32).
770
Let k(r) = -5*r**3 + 486*r**2 - 36*r - 5945. Determine k(97).
-28
Let g(l) = -80*l**2 - 59*l - 110. Give g(-5).
-1815
Let k(b) = b**3 - 18*b**2 - 116*b + 290. Give k(-8).
-446
Let m(c) = -3040*c + 112411. What is m(37)?
-69
Let f(p) = -3*p**2 - 324*p + 2449. Determine f(7).
34
Let o(b) = b**3 - 38*b**2 + 179*b + 476. Give o(8).
-12
Let t(w) = -6*w**3 - 63*w**2 - 105*w - 224. What is t(-9)?
-8
Let l(b) = 3*b**3 - 2*b**2 - 182*b - 507. What is l(-3)?
-60
Let i(j) = -17155*j + 2676187. Calculate i(156).
7
Let y(u) = -4*u**2 - 1216*u + 39875. What is y(-334)?
-205
Let f(z) = 5*z**2 + 458*z - 10486. What is f(25)?
4089
Let j(v) = 8*v**3 - 67*v**2 - 11*v + 55. Give j(6).
-695
Let m(h) = -h**2 + 6495*h + 110685. Give m(-17).
-19
Let c(t) = -699*t + 89465. Calculate c(128).
-7
Let d(o) = -5436*o + 309945. Calculate d(57).
93
Let q(k) = -k**2 - 6061*k - 66543. Give q(-11).
7
Let c(x) = 2*x**2 + 242*x + 2992. Calculate c(-108).
184
Let p(m) = 5*m**3 - 126*m**2 + 1354*m - 2237. Calculate p(2).
7
Let n(g) = 3*g**2 - 29653*g - 207637. Give n(-7).
81
Let o(f) = 7*f**2 + 1279*f - 1238. Calculate o(-187).
4372
Let m(q) = 195*q**2 + 3608*q + 14623. Give m(-6).
-5
Let i(o) = 25206*o - 2772694. Calculate i(110).
-34
Let g(u) = -u**2 + 545*u - 30785. Give g(64).
-1
Let m(f) = -10*f**2 + 41*f - 34. Give m(6).
-148
Let x(r) = 7*r**3 + 24*r**2 + 40*r - 233. Determine x(-7).
-1738
Let k(w) = -17*w**3 - 119*w**2 + 9*w - 101. Calculate k(-7).
-164
Let t(s) = -9663*s + 473736. Determine t(49).
249
Let m(p) = p**3 + 4*p**2 + 94*p - 642. Give m(0).
-642
Let a(t) = t**3 - 454*t**2 - 520*t + 29591. Give a(455).
16
Let l(f) = -f**2 - 848*f + 307438. Determine l(274).
10
Let j(z) = -20*z**3 + 2*z**2 + 120*z - 796. Determine j(6).
-4324
Let a(y) = -1411*y**2 - 11297*y + 51. Give a(-8).
123
Let m(u) = -u**3 - 19*u**2 + 51*u + 187. Determine m(-21).
-2
Let f(v) = -16*v**2 - 144*v + 1494. Determine f(13).
-3082
Let l(v) = 35*v**2 + 204*v - 20. Calculate l(5).
1875
Let v(g) = -2*g**3 + 522*g**2 + 3196*g - 63. Determine v(-6).
-15
Let r(b) = 11609*b - 290217. What is r(25)?
8
Let c(b) = 375*b + 18613. What is c(-49)?
238
Let v(g) = 10430*g**2 + 73007*g + 41. Calculate v(-7).
62
Let k(m) = m**3 + 24*m**2 - 27*m + 363. Calculate k(-18).
2793
Let s(i) = 325*i + 12723. Calculate s(-39).
48
Let v(w) = w**3 + 17*w**2 + 61*w - 19. Determine v(-13).
-136
Let u(r) = 671*r**3 + 31*r**2 - 79*r + 27. What is u(2)?
5361
Let n(a) = 1627*a + 353059. Give n(-217).
0
Let k(v) = -5956*v - 119074. Give k(-20).
46
Let m(r) = -6*r**3 - 159*r**2 + 239*r - 339. Give m(-28).
25
Let n(z) = -2550*z - 58569. Determine n(-23).
81
Let f(l) = 3716988*l + 22301932. Determine f(-6).
4
Let r(o) = 22*o**2 + 1923*o - 3133. Give r(-89).
-18
Let g(d) = 5786*d + 1151397. Give g(-199).
-17
Let o(h) = 2*h**3 - 11*h**2 + 538*h - 4647. Give o(9).
762
Let o(v) = 530*v - 64163. Give o(121).
-33
Let d(b) = b**3 + 41*b**2 - 587*b - 14331. Determine d(-47).
4
Let x(u) = 5*u**2 - 3007*u + 317136. Calculate x(465).
6
Let s(i) = -16*i**2 - 250*i + 4720. Calculate s(11).
34
Let r(b) = 83*b**3 - 507*b**2 - 2*b - 16. Give r(6).
-352
Let n(t) = -42154*t - 4088954. Give n(-97).
-16
Let q(x) = 12476*x - 87350. Calculate q(7).
-18
Let p(l) = -l**3 - 78*l**2 - 7*l + 653. Give p(-78).
1199
Let h(w) = 165363*w - 331035. Determine h(2).
-309
Let v(c) = 5466*c + 147676. What is v(-27)?
94
Let x(g) = -21317*g + 532926. What is x(25)?
1
Let g(h) = h**3 - 10*h + 13. Give g(-11).
-1208
Let k(j) = -2*j**3 + 200*j**2 - 350*j - 77. Determine k(98).
4039
Let u(l) = -8574*l + 60540. Calculate u(7).
522
Let z(y) = -y**3 - 2*y**2 + 5*y - 991. Calculate z(0).
-991
Let v(u) = -2*u**3 - 213*u**2 + 149*u - 18915. Determine v(-108).
-15
Let o(h) = -323*h + 35127. Calculate o(110).
-403
Let d(l) = 3195*l + 437906. Calculate d(-137).
191
Let l(b) = -b**3 - 33*b**2 + 516*b + 16380. Give l(-34).
-8
Let k(t) = 3048773*t - 6097557. Calculate k(2).
-11
Let x(w) = -w**3 - 4*w**2 - 36*w - 3650. Give x(-16).
-2
Let v(t) = -1479*t**3 - 2*t**2 - 60*t + 60. Give v(1).
-1481
Let r(j) = -j**3 + 13*j**2 + 153*j - 1481. Calculate r(10).
349
Let i(n) = 16959*n + 67796. Give i(-4).
-40
Let b(i) = 10*i**2 - 1062*i + 6941. Calculate b(7).
-3
Let g(i) = -1787*i + 298357. What is g(167)?
-72
Let j(n) = -6*n**2 - 45*n + 112. Calculate j(12).
-1292
Let n(g) = 62837*g + 125682. Calculate n(-2).
8
Let v(b) = -2*b**3 - 38*b**2 + 442*b + 315. Give v(-27).
45
Let u(a) = 69*a**3 + 16*a**2 + 5*a - 54. What is u(-2)?
-552
Let r(f) = 3*f**3 + 402*f**2 + 3730*f + 100. What is r(-10)?
0
Let n(o) = -o**3 + 5*o**2 + 40*o + 55. Determine n(12).
-473
Let f(r) = 427*r - 79886. What is f(187)?
-37
Let c(h) = h**3 + 160*h**2 - 1163*h + 612. Give c(-167).
-390
Let z(x) = 3227*x + 5983. Give z(-3).
-3698
Let h(d) = d**3 - 18*d**2 - 328*d - 473. Give h(-10).
7
Let i(t) = 199*t**2 + 3378*t - 94. What is i(-17)?
-9
Let h(t) = -593*t - 521243. Calculate h(-879).
4
Let v(g) = -324495*g - 1946963. Determine v(-6).
7
Let f(z) = -58*z**3 + 5682*z**2 + 164*z + 3149. Calculate f(98).
13
Let n(j) = -21*j**3 + 1236*j**2 + 163*j + 936. What is n(59)?
110
Let f(w) = -80128*w + 2724362. What is f(34)?
10
Let t(x) = 29*x**2 + 2111*x - 89. What is t(-73)?
349
Let a(g) = -g**3 + 686*g**2 + 8386*g + 162. What is a(-12)?
42
Let l(z) = 21*z**2 - 1094*z - 3371. What is l(55)?
-16
Let c(b) = b**2 - 6418*b + 544560. Calculate c(86).
8
Let q(g) = -2*g**3 + 43*g**2 + 5024*g - 90. What is q(62)?
34
Let c(b) = b**3 + 164*b**2 - 244*b - 3. What is c(0)?
-3
Let s(m) = 3*m**2 + 207*m + 3428. Give s(-38).
-106
Let s(n) = -18*n**3 + 91*n**2 - 28*n + 36. What is s(5)?
-79
Let k(x) = -x**